te the remainder when 12215670 is divided by 12339.
60
Calculate the remainder when 358111 is divided by 29841.
19
Calculate the remainder when 2019542 is divided by 1020.
962
Calculate the remainder when 7541826 is divided by 90864.
114
Calculate the remainder when 4765024 is divided by 1478.
1430
What is the remainder when 85346 is divided by 908?
902
Calculate the remainder when 1539899 is divided by 1010.
659
What is the remainder when 385230 is divided by 7553?
27
Calculate the remainder when 132035 is divided by 16432.
579
Calculate the remainder when 26765 is divided by 5466.
4901
Calculate the remainder when 14766689 is divided by 51.
47
Calculate the remainder when 56705377 is divided by 244.
21
Calculate the remainder when 257158823 is divided by 10507.
10505
Calculate the remainder when 2475538 is divided by 275048.
106
Calculate the remainder when 4876388 is divided by 139.
129
What is the remainder when 20227855 is divided by 34111?
32
What is the remainder when 116405 is divided by 27471?
6521
What is the remainder when 421632 is divided by 887?
307
Calculate the remainder when 111114428 is divided by 735857.
21
What is the remainder when 411028 is divided by 69?
64
What is the remainder when 254852 is divided by 36350?
402
Calculate the remainder when 887506 is divided by 1068.
1066
Calculate the remainder when 57566 is divided by 18530.
1976
What is the remainder when 357513 is divided by 3719?
489
Calculate the remainder when 74891 is divided by 18683.
159
What is the remainder when 50137 is divided by 611?
35
Calculate the remainder when 11814834 is divided by 6160.
6114
Calculate the remainder when 131867384 is divided by 128151.
5
What is the remainder when 14026828 is divided by 14026800?
28
What is the remainder when 416602 is divided by 1212?
886
Calculate the remainder when 2184121 is divided by 1497.
1495
What is the remainder when 20895986 is divided by 27315?
11
What is the remainder when 8394127 is divided by 1292?
3
Calculate the remainder when 2584120 is divided by 773.
754
Calculate the remainder when 75456032 is divided by 18864006.
8
What is the remainder when 187965 is divided by 62211?
1332
What is the remainder when 388731215 is divided by 2879?
2877
Calculate the remainder when 34207 is divided by 222.
19
Calculate the remainder when 1688803 is divided by 422195.
23
What is the remainder when 235069 is divided by 11192?
37
Calculate the remainder when 163525 is divided by 243.
229
Calculate the remainder when 93640 is divided by 3159.
2029
What is the remainder when 212579 is divided by 5626?
4417
What is the remainder when 171836 is divided by 15581?
445
Calculate the remainder when 9402721 is divided by 456.
1
What is the remainder when 690233 is divided by 464?
265
What is the remainder when 13126532 is divided by 357?
356
Calculate the remainder when 36666702 is divided by 3261.
18
Calculate the remainder when 89577 is divided by 30.
27
Calculate the remainder when 1428091 is divided by 12981.
181
What is the remainder when 165602812 is divided by 442?
440
What is the remainder when 2425402 is divided by 217?
210
What is the remainder when 4510132 is divided by 3472?
4
Calculate the remainder when 9300446 is divided by 45368.
6
Calculate the remainder when 5666076 is divided by 22.
20
What is the remainder when 5626312 is divided by 11433?
1276
Calculate the remainder when 2506806 is divided by 22.
16
Calculate the remainder when 2303868 is divided by 52359.
72
What is the remainder when 258872 is divided by 1231?
362
What is the remainder when 80214 is divided by 621?
105
What is the remainder when 779776 is divided by 20?
16
What is the remainder when 2406729 is divided by 40792?
1
What is the remainder when 19621 is divided by 2678?
875
Calculate the remainder when 12298316 is divided by 342.
338
Calculate the remainder when 71200 is divided by 71098.
102
Calculate the remainder when 229562 is divided by 299.
229
What is the remainder when 360846 is divided by 90209?
10
Calculate the remainder when 30767428 is divided by 11545.
3
Calculate the remainder when 244865498 is divided by 103.
96
Calculate the remainder when 401305 is divided by 400828.
477
What is the remainder when 54625139 is divided by 7?
2
Calculate the remainder when 4404 is divided by 851.
149
What is the remainder when 92413409 is divided by 474?
473
What is the remainder when 2102868 is divided by 999?
972
Calculate the remainder when 349706 is divided by 349534.
172
What is the remainder when 101100668 is divided by 1595?
1593
What is the remainder when 53869 is divided by 25245?
3379
What is the remainder when 100474830 is divided by 25118700?
30
Calculate the remainder when 216370 is divided by 36058.
22
What is the remainder when 46196 is divided by 135?
26
What is the remainder when 159010 is divided by 13248?
34
Calculate the remainder when 4138082 is divided by 206904.
2
What is the remainder when 429654 is divided by 35803?
18
Calculate the remainder when 94685720 is divided by 1604.
1600
What is the remainder when 219020 is divided by 3421?
76
Calculate the remainder when 10325078 is divided by 143.
49
Calculate the remainder when 33852972 is divided by 1267.
1266
What is the remainder when 92113987 is divided by 83588?
11
Calculate the remainder when 247342838 is divided by 28.
22
What is the remainder when 1456696 is divided by 2620?
2596
What is the remainder when 13564593 is divided by 23?
21
Calculate the remainder when 16240 is divided by 4738.
2026
Calculate the remainder when 32690 is divided by 227.
2
What is the remainder when 1012631 is divided by 23013?
59
What is the remainder when 985218 is divided by 1230?
1218
Calculate the remainder when 1345440 is divided by 37370.
120
Calculate the remainder when 27127748 is divided by 5620.
8
What is the remainder when 2005623 is divided by 388?
51
What is the remainder when 468789 is divided by 4?
1
Calculate the remainder when 92579989 is divided by 1443.
1438
What is the remainder when 1425223 is divided by 203599?
30
Calculate the remainder when 1871541 is divided by 395.
31
Calculate the remainder when 400079766 is divided by 1496.
1494
Calculate the remainder when 1212794 is divided by 10.
4
What is the remainder when 238306 is divided by 23830?
6
Calculate the remainder when 81426071 is divided by 39.
38
Calculate the remainder when 6948279 is divided by 22.
19
Calculate the remainder when 3066289 is divided by 766569.
13
Calculate the remainder when 2064550 is divided by 168.
166
Calculate the remainder when 122855 is divided by 5101.
431
What is the remainder when 1521657 is divided by 202?
193
What is the remainder when 679847 is divided by 52289?
90
Calculate the remainder when 10834 is divided by 10743.
91
What is the remainder when 87336 is divided by 5627?
2931
What is the remainder when 424940 is divided by 2285?
2215
Calculate the remainder when 12758194 is divided by 100.
94
Calculate the remainder when 5204054 is divided by 1737.
2
Calculate the remainder when 40961264 is divided by 478.
10
What is the remainder when 1549560 is divided by 30383?
27
Calculate the remainder when 8763359 is divided by 2097.
2093
What is the remainder when 1754979 is divided by 76301?
56
What is the remainder when 146192 is divided by 494?
462
What is the remainder when 255908 is divided by 63858?
476
What is the remainder when 4547675 is divided by 211?
203
What is the remainder when 293883 is divided by 79?
3
What is the remainder when 64774 is divided by 39?
34
What is the remainder when 121606 is divided by 5287?
5
What is the remainder when 64960293 is divided by 47?
42
Calculate the remainder when 1983527 is divided by 37424.
55
Calculate the remainder when 75015 is divided by 582.
519
Calculate the remainder when 25365773 is divided by 125.
23
Calculate the remainder when 17370399 is divided by 82.
11
What is the remainder when 112577 is divided by 206?
101
What is the remainder when 1049456 is divided by 149888?
240
Calculate the remainder when 21352807 is divided by 19.
18
Calculate the remainder when 39386423 is divided by 106.
3
Calculate the remainder when 221866 is divided by 1275.
16
What is the remainder when 5401027 is divided by 33?
16
What is the rem